349725.
24
Calculate the remainder when 7590294 is divided by 43373.
19
What is the remainder when 27048 is divided by 8412?
1812
Calculate the remainder when 1005304 is divided by 1770.
1714
What is the remainder when 20826 is divided by 194?
68
Calculate the remainder when 19520 is divided by 5988.
1556
What is the remainder when 3950455 is divided by 987601?
51
What is the remainder when 155495 is divided by 1322?
821
What is the remainder when 2920037 is divided by 1163?
907
What is the remainder when 1511248 is divided by 279?
184
What is the remainder when 765928 is divided by 130?
98
Calculate the remainder when 668640 is divided by 23055.
45
What is the remainder when 148669352 is divided by 397?
395
Calculate the remainder when 25822 is divided by 199.
151
What is the remainder when 16839141 is divided by 4644?
4641
What is the remainder when 16059226 is divided by 4?
2
Calculate the remainder when 922161 is divided by 115189.
649
What is the remainder when 345280 is divided by 959?
40
What is the remainder when 463790 is divided by 332?
318
What is the remainder when 4769119 is divided by 61?
17
What is the remainder when 3769 is divided by 611?
103
Calculate the remainder when 4065587 is divided by 201.
161
Calculate the remainder when 7306456 is divided by 1184.
1176
What is the remainder when 13150565 is divided by 22518?
53
Calculate the remainder when 4381206 is divided by 1460347.
165
What is the remainder when 36081 is divided by 3006?
9
Calculate the remainder when 988995 is divided by 1208.
851
Calculate the remainder when 91349 is divided by 667.
637
What is the remainder when 51693 is divided by 2151?
69
What is the remainder when 7239867 is divided by 1809925?
167
Calculate the remainder when 1722735 is divided by 585.
495
Calculate the remainder when 226516 is divided by 147.
136
What is the remainder when 3656520 is divided by 61?
58
What is the remainder when 527421 is divided by 657?
507
What is the remainder when 13274998 is divided by 75?
73
What is the remainder when 9790 is divided by 795?
250
What is the remainder when 1164019 is divided by 25?
19
What is the remainder when 45190 is divided by 2054?
2
What is the remainder when 264251 is divided by 17616?
11
Calculate the remainder when 12373640 is divided by 3093410.
0
What is the remainder when 8625135 is divided by 31362?
585
Calculate the remainder when 2191776 is divided by 92.
60
What is the remainder when 705554 is divided by 352635?
284
What is the remainder when 1166303 is divided by 145716?
575
Calculate the remainder when 33988682 is divided by 52.
26
Calculate the remainder when 7095816 is divided by 200.
16
Calculate the remainder when 1036414 is divided by 345286.
556
What is the remainder when 96649 is divided by 3450?
49
Calculate the remainder when 4378548 is divided by 470.
28
Calculate the remainder when 9015662 is divided by 404.
402
What is the remainder when 5533130 is divided by 22?
20
What is the remainder when 64432 is divided by 20798?
2038
What is the remainder when 1424509 is divided by 56?
37
Calculate the remainder when 202820 is divided by 101387.
46
Calculate the remainder when 946573 is divided by 21.
19
Calculate the remainder when 7569098 is divided by 105124.
170
What is the remainder when 46333145 is divided by 9023?
40
Calculate the remainder when 90488747 is divided by 1846709.
6
What is the remainder when 735061 is divided by 367528?
5
What is the remainder when 5603694 is divided by 84?
54
What is the remainder when 720617 is divided by 65501?
106
What is the remainder when 2118014 is divided by 1715?
1704
What is the remainder when 6973480 is divided by 1955?
1950
What is the remainder when 5815785 is divided by 1081?
5
Calculate the remainder when 106919754 is divided by 10.
4
What is the remainder when 1503221 is divided by 45?
41
Calculate the remainder when 8487592 is divided by 1697503.
77
Calculate the remainder when 163042 is divided by 13576.
130
Calculate the remainder when 132224603 is divided by 9.
5
Calculate the remainder when 3661592 is divided by 3661585.
7
What is the remainder when 225413 is divided by 17?
10
What is the remainder when 17462120 is divided by 249?
248
What is the remainder when 6934605 is divided by 87?
9
What is the remainder when 9328 is divided by 4417?
494
What is the remainder when 315548 is divided by 7904?
7292
Calculate the remainder when 2808867 is divided by 1155.
1062
Calculate the remainder when 3467985 is divided by 5092.
333
Calculate the remainder when 1268695 is divided by 3594.
13
Calculate the remainder when 24845 is divided by 950.
145
Calculate the remainder when 399635 is divided by 118.
87
Calculate the remainder when 800950 is divided by 799795.
1155
Calculate the remainder when 550810 is divided by 36717.
55
What is the remainder when 161375 is divided by 956?
767
What is the remainder when 155165 is divided by 15470?
465
Calculate the remainder when 92964327 is divided by 765.
762
What is the remainder when 1038086 is divided by 1036?
14
What is the remainder when 117938 is divided by 352?
18
Calculate the remainder when 18410313 is divided by 173.
172
Calculate the remainder when 1930453 is divided by 482341.
1089
What is the remainder when 625274 is divided by 623592?
1682
Calculate the remainder when 70353 is divided by 2905.
633
What is the remainder when 86428 is divided by 84?
76
Calculate the remainder when 3491682 is divided by 13.
12
Calculate the remainder when 3271282 is divided by 42.
28
Calculate the remainder when 5562912 is divided by 5562664.
248
What is the remainder when 27122 is divided by 305?
282
Calculate the remainder when 924631 is divided by 6900.
31
Calculate the remainder when 33998181 is divided by 15287.
15180
What is the remainder when 235024 is divided by 2614?
2378
Calculate the remainder when 113687 is divided by 1720.
167
Calculate the remainder when 4230930 is divided by 8582.
4
Calculate the remainder when 1219317 is divided by 101609.
9
What is the remainder when 3198741 is divided by 6163?
144
Calculate the remainder when 1844067 is divided by 156.
147
What is the remainder when 3056272 is divided by 545?
457
What is the remainder when 1218969 is divided by 60948?
9
Calculate the remainder when 235005697 is divided by 57.
55
What is the remainder when 57767 is divided by 214?
201
What is the remainder when 34063127 is divided by 595?
567
What is the remainder when 94436 is divided by 1166?
1156
What is the remainder when 2912452 is divided by 1184?
996
What is the remainder when 75051 is divided by 5418?
4617
Calculate the remainder when 34649 is divided by 3863.
3745
What is the remainder when 240546 is divided by 543?
540
What is the remainder when 12469332 is divided by 15?
12
What is the remainder when 94373525 is divided by 1156?
1153
What is the remainder when 927460 is divided by 185490?
10
Calculate the remainder when 263647672 is divided by 4325.
4322
Calculate the remainder when 85024 is divided by 28117.
673
Calculate the remainder when 1532724 is divided by 230.
4
Calculate the remainder when 10315377 is divided by 12846.
39
What is the remainder when 59978 is divided by 722?
52
Calculate the remainder when 32283436 is divided by 3.
1
Calculate the remainder when 26558920 is divided by 1359.
1342
What is the remainder when 18770798 is divided by 40?
38
Calculate the remainder when 78531710 is divided by 795.
20
What is the remainder when 26550 is divided by 3737?
391
What is the remainder when 1402923 is divided by 539?
445
What is the remainder when 36065195 is divided by 25?
20
Calculate the remainder when 118825 is divided by 1445.
335
Calculate the remainder when 31620286 is divided by 47.
2
What is the remainder when 210716638 is divided by 11360?
11358
Calculate the remainder when 312836444 is divided by 77.
74
What is the remainder when 1628155 is divided by 542317?
1204
Calculate the remainder when 27914 is divided by 4523.
776
What is the remainder when 2153874 is divided by 220?
74
Calculate the remainder when 1336220 is divided by 20878.
28
Calculate the remainder when 36100 is divided by 2892.
1396
Calculate the remainder when 40333672 is divided by 1766.
1764
What is the remainder when 8849968 is d